6207532?
2, 1551883
List the prime factors of 253477.
7, 739
List the prime factors of 100427.
29, 3463
List the prime factors of 3846920.
2, 5, 7, 11, 1249
What are the prime factors of 840048?
2, 3, 11, 37, 43
List the prime factors of 59997.
3, 7, 2857
What are the prime factors of 1327958?
2, 663979
List the prime factors of 1400524.
2, 37, 9463
List the prime factors of 2227107.
3, 742369
List the prime factors of 1168053.
3, 17, 37, 619
List the prime factors of 17889816.
2, 3, 7, 106487
What are the prime factors of 308496?
2, 3, 6427
What are the prime factors of 166035?
3, 5, 11069
List the prime factors of 751648.
2, 83, 283
List the prime factors of 81790.
2, 5, 8179
What are the prime factors of 139531?
7, 31, 643
What are the prime factors of 566689?
29, 19541
What are the prime factors of 236854?
2, 19, 23, 271
List the prime factors of 1784243.
1784243
List the prime factors of 694646.
2, 23, 15101
What are the prime factors of 900451?
97, 9283
What are the prime factors of 2560272?
2, 3, 11, 13, 373
List the prime factors of 220006.
2, 41, 2683
List the prime factors of 14295.
3, 5, 953
What are the prime factors of 4026599?
37, 108827
What are the prime factors of 6495687?
3, 11, 21871
List the prime factors of 18929950.
2, 5, 13, 29123
What are the prime factors of 10844?
2, 2711
What are the prime factors of 101440?
2, 5, 317
What are the prime factors of 59348?
2, 37, 401
List the prime factors of 125327.
23, 5449
What are the prime factors of 6604936?
2, 13, 41, 1549
What are the prime factors of 846636?
2, 3, 7, 10079
What are the prime factors of 3118052?
2, 7, 19, 5861
What are the prime factors of 1721214?
2, 3, 11, 8693
List the prime factors of 441011.
441011
List the prime factors of 10161903.
3, 17, 19, 10487
List the prime factors of 12359273.
557, 22189
List the prime factors of 43070.
2, 5, 59, 73
List the prime factors of 586304.
2, 9161
What are the prime factors of 1544277?
3, 7, 151, 487
List the prime factors of 14538481.
14538481
List the prime factors of 139097.
7, 31, 641
List the prime factors of 33284.
2, 53, 157
List the prime factors of 1989633.
3, 71, 9341
What are the prime factors of 291989?
31, 9419
What are the prime factors of 20691228?
2, 3, 19, 151, 601
List the prime factors of 4543253.
11, 13, 31771
List the prime factors of 495744.
2, 3, 1291
What are the prime factors of 269225?
5, 11, 89
What are the prime factors of 12930511?
11, 367, 3203
List the prime factors of 990887.
990887
List the prime factors of 6063110.
2, 5, 606311
List the prime factors of 2795338.
2, 7, 13, 15359
List the prime factors of 2090947.
109, 19183
List the prime factors of 2712317.
2712317
What are the prime factors of 435899?
29, 15031
What are the prime factors of 1061024?
2, 71, 467
List the prime factors of 1888781.
457, 4133
List the prime factors of 1469077.
617, 2381
List the prime factors of 322926.
2, 3, 107, 503
What are the prime factors of 280678?
2, 140339
List the prime factors of 4966740.
2, 3, 5, 41, 673
What are the prime factors of 296587?
296587
List the prime factors of 9141354.
2, 3, 263, 1931
List the prime factors of 1124072.
2, 71, 1979
What are the prime factors of 248525?
5, 9941
List the prime factors of 23008550.
2, 5, 460171
List the prime factors of 169962.
2, 3, 13, 2179
List the prime factors of 701859.
3, 179, 1307
List the prime factors of 7050113.
7, 31, 53, 613
What are the prime factors of 552969?
3, 61441
List the prime factors of 3780448.
2, 7, 2411
List the prime factors of 282290.
2, 5, 28229
What are the prime factors of 10864927?
1607, 6761
List the prime factors of 518123.
518123
What are the prime factors of 18860538?
2, 3, 101, 31123
List the prime factors of 195693.
3, 37, 41, 43
What are the prime factors of 2076590?
2, 5, 281, 739
List the prime factors of 690036.
2, 3, 57503
List the prime factors of 585801.
3, 65089
What are the prime factors of 254318?
2, 101, 1259
List the prime factors of 1320957.
3, 11, 1213
What are the prime factors of 17447749?
11, 487, 3257
What are the prime factors of 139004?
2, 19, 31, 59
What are the prime factors of 69294?
2, 3, 11549
What are the prime factors of 8963931?
3, 223, 13399
What are the prime factors of 4297732?
2, 1074433
What are the prime factors of 7911885?
3, 5, 17, 19, 23, 71
List the prime factors of 627363.
3, 11, 6337
What are the prime factors of 1959937?
7, 279991
What are the prime factors of 335881?
7, 13, 3691
What are the prime factors of 927166?
2, 43, 10781
List the prime factors of 49794.
2, 3, 43, 193
What are the prime factors of 2098102?
2, 1049051
List the prime factors of 156684.
2, 3, 11, 1187
List the prime factors of 280868.
2, 7, 1433
List the prime factors of 1945346.
2, 13, 74821
What are the prime factors of 14784324?
2, 3, 89, 109, 127
What are the prime factors of 6012649?
353, 17033
What are the prime factors of 4179492?
2, 3, 38699
List the prime factors of 11073217.
11073217
List the prime factors of 5012904.
2, 3, 13, 16067
What are the prime factors of 620721?
3, 17, 4057
List the prime factors of 221795.
5, 7, 6337
List the prime factors of 126217.
7, 13, 19, 73
List the prime factors of 866199.
3, 288733
List the prime factors of 2258090.
2, 5, 225809
List the prime factors of 547206.
2, 3, 11, 8291
What are the prime factors of 20505022?
2, 419, 24469
List the prime factors of 1846398.
2, 3, 307733
List the prime factors of 642243.
3, 7, 17, 257
What are the prime factors of 2816325?
3, 5, 12517
What are the prime factors of 13972295?
5, 181, 15439
What are the prime factors of 307490?
2, 5, 97, 317
What are the prime factors of 18307094?
2, 13, 54163
What are the prime factors of 435286?
2, 217643
What are the prime factors of 23834063?
11, 79, 27427
List the prime factors of 5412377.
5412377
What are the prime factors of 473607?
3, 1949
What are the prime factors of 1318211?
1318211
What are the prime factors of 552030?
2, 3, 5, 18401
List the prime factors of 2917248.
2, 3, 71, 107
What are the prime factors of 3526069?
563, 6263
List the prime factors of 15165897.
3, 53, 95383
List the prime factors of 1223491.
1223491
What are the prime factors of 689593?
367, 1879
List the prime factors of 4043421.
3, 449269
List the prime factors of 56416.
2, 41, 43
What are the prime factors of 1916328?
2, 3, 79847
What are the prime factors of 1974205?
5, 23, 17167
What are the prime factors of 301020?
2, 3, 5, 29, 173
List the prime factors of 169949.
13, 17, 769
List the prime factors of 348645.
3, 5, 11, 2113
List the prime factors of 239331.
3, 79777
List the prime factors of 14008.
2, 17, 103
What are the prime factors of 5431995?
3, 5, 40237
What are the prime factors of 1986798?
2, 3, 11, 30103
What are the prime factors of 17174458?
2, 7, 43, 47, 607
What are the prime factors of 1178769?
3, 392923
List the prime factors of 3695672.
2, 659, 701
List the prime factors of 10932154.
2, 71, 167, 461
List the prime factors of 9167301.
3, 11, 13, 17, 419
What are the prime factors of 1990735?
5, 61, 107
List the prime factors of 10481592.
2, 3, 11, 39703
What are the prime factors of 4828899?
3, 181, 8893
What are the prime factors of 2390467?
47, 181, 281
What are the prime factors of 21772195?
5, 19, 229181
What are the prime factors of 132419?
7, 18917
List the prime factors of 12694876.
2, 1091, 2909
List the prime factors of 7498416.
2, 3, 156217
List the prime factors of 311936.
2, 2437
What are the prime factors of 461761?
409, 1129
List the prime factors of 5126816.
2, 131, 1223
What are the prime factors of 980815?
5, 11, 17, 1049
List the prime factors of 51456.
2, 3, 67
What are the prime factors of 462558?
2, 3, 77093
What are the prime factors of 2093492?
2, 31, 16883
List the prime factors of 688013.
688013
What are the prime factors of 2780595?
3, 5, 43, 479
What are the prime factors of 1132757?
131, 8647
What are the prime factors of 2867470?
2, 5, 47, 6101
List the prime factors of 12833492.
2, 7, 41, 1597
List the prime factors of 2521989.
3, 93407
What are the prime factors of 14174?
2, 19, 373
List the prime factors of 5591263.
19, 294277
List the prime factors of 303295.
5, 60659
What are the prime factors of 56261?
127, 443
List the prime factors of 3573601.
